{"id":16,"date":"2019-04-16T11:40:04","date_gmt":"2019-04-16T16:40:04","guid":{"rendered":"http:\/\/connect.utn.edu.ec\/fica\/carreras\/electronica\/?page_id=16"},"modified":"2025-10-31T08:55:04","modified_gmt":"2025-10-31T13:55:04","slug":"organigrama","status":"publish","type":"page","link":"https:\/\/telecomunicaciones.utn.edu.ec\/index.php\/organigrama\/","title":{"rendered":"Estructura Organizacional"},"content":{"rendered":"<figure id=\"attachment_3297\" aria-describedby=\"caption-attachment-3297\" style=\"width: 665px\" class=\"wp-caption aligncenter\"><img loading=\"lazy\" decoding=\"async\" class=\"size-full wp-image-3297\" src=\"https:\/\/www.utn.edu.ec\/fica\/carreras\/electronica\/wp-content\/uploads\/2019\/07\/organigrama.jpg\" alt=\"\" width=\"665\" height=\"443\" srcset=\"https:\/\/telecomunicaciones.utn.edu.ec\/wp-content\/uploads\/2019\/07\/organigrama.jpg 665w, https:\/\/telecomunicaciones.utn.edu.ec\/wp-content\/uploads\/2019\/07\/organigrama-300x200.jpg 300w, https:\/\/telecomunicaciones.utn.edu.ec\/wp-content\/uploads\/2019\/07\/organigrama-360x240.jpg 360w\" sizes=\"auto, (max-width: 665px) 100vw, 665px\" \/><figcaption id=\"caption-attachment-3297\" class=\"wp-caption-text\">Organigrama de la Carrera de Telecomunicaciones<\/figcaption><\/figure>\n<p><em><strong>Coordinador de Carrera:<\/strong><\/em><\/p>\n<p>Ing. Jaime Michilena Calder\u00f3n, Msc.<\/p>\n<p><strong>Secretaria Acad\u00e9mica:<\/strong><\/p>\n<p>MsC. Patricia Garc\u00eda Le\u00f3n<\/p>\n<p><strong>Responsable de Tutor\u00edas Acad\u00e9micas:<\/strong><\/p>\n<p>Ing. Mauricio Dom\u00ednguez Limaico, Msc.<\/p>\n<p><strong>Responsable\u00a0de Investigaci\u00f3n:<\/strong><\/p>\n<p>Ing. Luis Su\u00e1rez Zambrano, Msc.<\/p>\n<p><strong>Responsable\u00a0de Vinculaci\u00f3n:<\/strong><\/p>\n<p>Lic. Stefany Flores Armas., Msc.<\/p>\n<p><strong>Responsable de Pr\u00e1cticas Preprofesionales:<\/strong><\/p>\n<p>Ing. Jaime Alvarado S\u00e1nchez., Msc.<\/p>\n","protected":false},"excerpt":{"rendered":"<p>Coordinador de Carrera: Ing. Jaime Michilena Calder\u00f3n, Msc. Secretaria Acad\u00e9mica: MsC. Patricia Garc\u00eda Le\u00f3n Responsable de Tutor\u00edas Acad\u00e9micas: Ing. Mauricio Dom\u00ednguez Limaico, Msc. Responsable\u00a0de Investigaci\u00f3n: Ing. Luis Su\u00e1rez Zambrano, Msc. Responsable\u00a0de Vinculaci\u00f3n: Lic. Stefany Flores Armas., Msc. Responsable de Pr\u00e1cticas Preprofesionales: Ing. Jaime Alvarado S\u00e1nchez., Msc.<\/p>\n","protected":false},"author":8,"featured_media":0,"parent":0,"menu_order":4,"comment_status":"closed","ping_status":"closed","template":"","meta":{"footnotes":""},"class_list":["post-16","page","type-page","status-publish","hentry"],"_links":{"self":[{"href":"https:\/\/telecomunicaciones.utn.edu.ec\/index.php\/wp-json\/wp\/v2\/pages\/16","targetHints":{"allow":["GET"]}}],"collection":[{"href":"https:\/\/telecomunicaciones.utn.edu.ec\/index.php\/wp-json\/wp\/v2\/pages"}],"about":[{"href":"https:\/\/telecomunicaciones.utn.edu.ec\/index.php\/wp-json\/wp\/v2\/types\/page"}],"author":[{"embeddable":true,"href":"https:\/\/telecomunicaciones.utn.edu.ec\/index.php\/wp-json\/wp\/v2\/users\/8"}],"replies":[{"embeddable":true,"href":"https:\/\/telecomunicaciones.utn.edu.ec\/index.php\/wp-json\/wp\/v2\/comments?post=16"}],"version-history":[{"count":29,"href":"https:\/\/telecomunicaciones.utn.edu.ec\/index.php\/wp-json\/wp\/v2\/pages\/16\/revisions"}],"predecessor-version":[{"id":4086,"href":"https:\/\/telecomunicaciones.utn.edu.ec\/index.php\/wp-json\/wp\/v2\/pages\/16\/revisions\/4086"}],"wp:attachment":[{"href":"https:\/\/telecomunicaciones.utn.edu.ec\/index.php\/wp-json\/wp\/v2\/media?parent=16"}],"curies":[{"name":"wp","href":"https:\/\/api.w.org\/{rel}","templated":true}]}}

<figure id="attachment_3297" aria-describedby="caption-attachment-3297" style="width: 665px" class="wp-caption aligncenter"><img loading="lazy" decoding="async" class="size-full wp-image-3297" src="https://www.utn.edu.ec/fica/carreras/electronica/wp-content/uploads/2019/07/organigrama.jpg" alt="" width="665" height="443" srcset="https://telecomunicaciones.utn.edu.ec/wp-content/uploads/2019/07/organigrama.jpg 665w, https://telecomunicaciones.utn.edu.ec/wp-content/uploads/2019/07/organigrama-300x200.jpg 300w, https://telecomunicaciones.utn.edu.ec/wp-content/uploads/2019/07/organigrama-360x240.jpg 360w" sizes="auto, (max-width: 665px) 100vw, 665px" /><figcaption id="caption-attachment-3297" class="wp-caption-text">Organigrama de la Carrera de Telecomunicaciones</figcaption></figure>
<p><em><strong>Coordinador de Carrera:</strong></em></p>
<p>Ing. Jaime Michilena Calderón, Msc.</p>
<p><strong>Secretaria Académica:</strong></p>
<p>MsC. Patricia García León</p>
<p><strong>Responsable de Tutorías Académicas:</strong></p>
<p>Ing. Mauricio Domínguez Limaico, Msc.</p>
<p><strong>Responsable de Investigación:</strong></p>
<p>Ing. Luis Suárez Zambrano, Msc.</p>
<p><strong>Responsable de Vinculación:</strong></p>
<p>Lic. Stefany Flores Armas., Msc.</p>
<p><strong>Responsable de Prácticas Preprofesionales:</strong></p>
<p>Ing. Jaime Alvarado Sánchez., Msc.</p>

<p>Coordinador de Carrera: Ing. Jaime Michilena Calderón, Msc. Secretaria Académica: MsC. Patricia García León Responsable de Tutorías Académicas: Ing. Mauricio Domínguez Limaico, Msc. Responsable de Investigación: Ing. Luis Suárez Zambrano, Msc. Responsable de Vinculación: Lic. Stefany Flores Armas., Msc. Responsable de Prácticas Preprofesionales: Ing. Jaime Alvarado Sánchez., Msc.</p>
